
Let j(d) = d**2 - 75*d - 2869. Let y be j(103). Let x(r) be the first derivative of -r**3/3 + 15*r**2/2 + 3*r - 1. Give x(y).
3
Suppose 2*t + 90 = 4*y, 83 + 37 = 5*y - 5*t. Let d(a) = a + 0*a - 22 + y. Let w be (40/(10/(-2)))/2. Give d(w).
-5
Suppose -4*h + 45 = 5. Let n = 14 - h. Let p(y) = 2*y**2 + 123 - 122 + 4*y**2 - n*y - y**3. Determine p(5).
6
Suppose 3*c - 5 = 2*c, 4*n + 36 = 4*c. Let b(t) = -2*t**3 - 8*t**2 + 7*t - 5. Let z(h) = -3*h**3 - 8*h**2 + 7*h - 5. Let x(f) = n*b(f) + 3*z(f). Give x(7).
5
Let p(y) = -y - 5. Let n(h) = -h**3 - 5*h**2 + 2*h + 10. Let k be 14/77 - 53/(-11). Suppose 5*x + i = -i - 19, x = k*i - 20. Let a be n(x). Calculate p(a).
-5
Let w(y) = 11*y + 10. Let j(l) = 6*l + 5. Let g(v) = -7*j(v) + 4*w(v). Let s = -70 - -66. Let r(o) = 1. Let k(x) = s*r(x) - g(x). Give k(-9).
9
Let r be ((-42)/(-56))/(-8 - (-710)/88). Let p(t) = t**2 - 11*t - 3. Calculate p(r).
-3
Let q(z) = 53 - z**2 + 28 + 18 - 191 + 44 - 15*z. Give q(-9).
6
Let v(c) = -8 - c - 5 - 23 + 35. Give v(-15).
14
Let x(j) = 7*j - 14*j - 2049 + 2108. Determine x(8).
3
Let a(m) = -3*m**2 + 3*m - 5. Let q(s) = -s**2 - s - 2. Let r(w) = 5*a(w) - 10*q(w). Give r(6).
-35
Let q(m) be the second derivative of 0*m**2 + 1/120*m**5 + 23*m + 0 - 13/24*m**4 - 13/3*m**3. Let s(l) be the second derivative of q(l). What is s(6)?
-7
Let d be (1/(-2))/(4*6/(-96)). Let f(s) = 0 - 12*s - 345*s**2 + 346*s**d + 1. Calculate f(12).
1
Let x(f) be the second derivative of 3*f**3 - f**2/2 + 5891*f. Suppose -2 - 14 = 4*c. Let z = c + 5. Determine x(z).
17
Let s(l) = l**3 + 8*l**2 - 9*l - 2. Let u = 23303 + -23311. Determine s(u).
70
Let s(v) = 25*v**2 + v**3 - 58*v**2 + 4*v - 24 + 69 + 0*v**3 + 23*v**2. Give s(9).
0
Let o(u) = -2*u**3 + u**2 - 2*u - 2. Let p be o(-1). Let j(i) = 30 - 8*i**p - 16*i + 17*i - 4*i**3 - 29. Determine j(-1).
12
Let a = 23920 + -23926. Let b(d) = -d**3 - 6*d**2 + 3*d + 58. Calculate b(a).
40
Let t = 100 + -89. Suppose 3*i = -29 + t. Let m(a) = 3*a + 10. Give m(i).
-8
Let r(h) = 42 + 4*h - 26 + h + 4*h. Let c(b) = 2*b + 2. Let l(o) = -4*c(o) + r(o). Determine l(-9).
-1
Let c(y) = 13*y + 43. Let j(z) = -5*z - 30. Let l(v) = -5*v - 32. Let p(d) = 5*j(d) - 4*l(d). Let w(f) = 2*c(f) + 5*p(f). Determine w(21).
-3
Suppose 6*f + 24 = 12*f. Suppose 0 = 3*w, 11*w = f*u + 7*w. Let d(y) be the first derivative of y**3/3 + y**2/2 + 9*y + 1. What is d(u)?
9
Let p(b) = 9*b**2 + 42*b - 10. Suppose 0 = -325*q - 1760 + 341 - 206. Calculate p(q).
5
Suppose -j = -4, -5*r + 5*j - 14 - 21 = 0. Let g be (2 + -1 - -185) + 6/r. Let i(f) = g - 98 + f - 96. What is i(10)?
0
Let j be -17 - 4 - (-44 + 30) - -8*2. Let r(k) = k**2 - 8*k - 2. Give r(j).
7
Let d(x) = -x - 2. Let f(j) = 75*j**2 - 19*j + 17. Let n be f(1). Let q = n - 67. Determine d(q).
-8
Let n(z) = z**3 + 3*z**2 + 6*z + 7. Suppose 2*g + 43*g + 15*g + 180 = 0. Give n(g).
-11
Let x(k) = -5*k + 7. Let p(y) = 4*y - 6. Let s(o) = 3*p(o) + 2*x(o). Let g be 9/2 - 8/16. Give s(g).
4
Let q(x) = 28*x + 2. Let c(s) = 80*s - 9. Let p(y) = -c(y) + 3*q(y). Calculate p(-4).
-1
Let t = 127 + -122. Let a(i) = -17*i - 3. What is a(t)?
-88
Suppose -2*a = -6, 0 = 5*f - 3*f - a - 23. Let z(u) = u + 22. Determine z(f).
35
Let y(j) = 2*j**2 + 4*j. Let r = 45 + -43. Let o(z) = -2*z**2 - 15*z - 4 + 3*z**r + 4*z**2. Let h be o(3). Give y(h).
16
Let s(c) = -2*c**2 + 14*c - 20. Let r(y) = 73*y - 362. Let i be r(5). Give s(i).
4
Let l = 7177 - 7174. Let f(c) = 2*c**2 - 3*c - c**2 - 2*c**2 - 4 + 2*c**2. What is f(l)?
-4
Let w(g) = -7 - 2 + 10 - 11*g + 16*g + 0*g. Let p(q) = 9*q + 2. Suppose -3*o - 4*y - 5 = 1, 5*o + 2*y + 24 = 0. Let a(f) = o*p(f) + 11*w(f). Determine a(6).
5
Suppose 0*z - 2*r = -4*z + 14, -z - 2*r = 4. Let t(n) = -4*n**z - 14*n + 4 - 9*n + 31*n + 3*n**2. Give t(6).
16
Suppose -5*x + 5*w + 37 = w, 7 = 2*x + w. Let g(l) = 3 + 0*l + x*l - l. Calculate g(-3).
-9
Let s(v) be the second derivative of 5/2*v**2 - 126*v - 1/3*v**4 + 0 + 5/6*v**3 - 1/20*v**5. What is s(-5)?
5
Let p(u) = -u**3 - 5*u**2 + 5*u + 1. Let s = -424 - -427. Suppose -s*f - 208 + 190 = 0. Calculate p(f).
7
Suppose 777*g = 773*g - 72. Let b(l) = -7*l - 127. Determine b(g).
-1
Let v(g) = 2 + 17*g**2 - 4 - 22*g**2. Let f(s) = -6*s**2 - s - 2. Let y(r) = 4*f(r) - 5*v(r). Determine y(6).
14
Let p be (-3)/((-3)/(-2)) - -3. Let k(h) be the second derivative of -2 - 99*h - 1/6*h**4 - 1/2*h**2 + 1/6*h**3. Calculate k(p).
-2
Let w(g) = -3*g**3 - 11 + 9*g + 2*g**2 - 18 + 28 + 0*g**2. Let l(j) = -5*j**2 + 0*j**2 + 5*j**3 - 17*j + 3 + 0. Let h(u) = -4*l(u) - 7*w(u). What is h(-5)?
-5
Suppose -v - 21 = 5*r, 16 = v - 5*r + 17. Let c = 4 + v. Let f(k) = -3*k - 3. Determine f(c).
18
Let m be -2 + 1 - (-200)/(-50). Let t(z) be the first derivative of -2*z**2 - z - 11. Give t(m).
19
Let g(z) = -2*z**2 - 3*z + 3. Let b(j) = -5*j**2 - 8*j + 7. Let x(q) = q**3 + 4*q**2 + 3*q + 1. Let f be x(-2). Let r(w) = f*b(w) - 8*g(w). Determine r(0).
-3
Let h(l) = l**3 - 2 + 3 - 14*l + 5*l. Let d(n) = -495*n - 21288. Let p be d(-43). Give h(p).
1
Let n(q) = q - 4 + 236*q**3 - 263*q**3 + 28*q**3 - 4*q**2. Give n(4).
0
Let g(d) be the first derivative of -5*d**3/6 + d**2/2 + d - 27. Let a(t) be the first derivative of g(t). Give a(-2).
11
Let x(q) = -1728*q**2 + 864*q**2 + 1 - 2*q + 863*q**2. Suppose 65 = -5*a - 5*y, -1 = -4*y + 3. Let z be (-52)/a - (-4)/14. Give x(z).
-23
Let s(r) be the first derivative of 37*r**6/120 - r**5/30 + r**3/6 + 5*r**2/2 - r - 172. Let o(h) be the second derivative of s(h). What is o(1)?
36
Suppose 15 = -3*s, 12*y = 13*y + 4*s - 173. Let v(h) = -2 - y*h + 194*h + 0 + 1. Calculate v(6).
5
Suppose -12 = -2*f - 8, -1662 = -4*k + 3*f. Let z = -420 + k. Let n(q) = 3*q**2 + q**3 + 0*q + 4*q - 5*q + 1. Give n(z).
4
Let c(w) = -201 - 6*w + 105 - 81 - 74. What is c(-39)?
-17
Suppose -6*o + 8 + 4 = 0. Let b(r) = 1 + r + 1776*r**o - 886*r**2 - 895*r**2. What is b(-1)?
-5
Let f be (-51)/(-5) + 88/110. Let r(k) = -4534 + 4550 - 2*k + k. Give r(f).
5
Let k(m) = -m**3 + 7*m**2 + 6*m - 6. Let s = 937 - 907. Suppose 2*i - 2*z = 12, -4*i - 4*z = -2*z - s. What is k(i)?
36
Let w(m) = 3*m + 3. Let o = -73 - -95. Let i be o/(-2) - 12/(6 + -10). Determine w(i).
-21
Let g = 376 - 367. Let i(d) = -637*d**3 - 4 + 636*d**3 + g*d**2 + 0 + 7*d - d**2. What is i(9)?
-22
Let i(j) = 7*j**2 + 249*j + 81. Let q(m) = -3*m**2 - 108*m - 35. Let t(c) = -10*i(c) - 23*q(c). Let n be (-1)/(-2 + 1) - 3. What is t(n)?
3
Let k(a) = 6 + 4*a**2 + 2 - 1 - 6*a**2 + 8. Determine k(5).
-35
Suppose -r - 9 = -13. Suppose 0 = r*w - 21 + 9. Let h(n) = -2 + n**2 + 3 + n - 4*n**w + 5*n**3 + 8*n**3. What is h(-1)?
-8
Suppose 2171 = 5*u + 2*n - 0*n, -1307 = -3*u + n. Suppose 7*v = u - 456. Let i(j) = j**3 + 4*j**2 + 2*j. Determine i(v).
3
Suppose 0 = -2*f - 3*o + 7*o - 74, -f + 4*o = 47. Let j be (12/f)/((-26)/(-117)). Let w(h) be the first derivative of 5*h**2/2 + h - 2. Calculate w(j).
-9
Suppose 5*k - 22 + 7 = 0. Suppose -5*f = -3*v + v - 41, -4*f + 44 = 4*v. Let o(w) = 3*w**2 + 58*w**3 + 1 + w - 50*w**3 - f*w**3. What is o(k)?
4
Let o(y) = -y**3 + 5*y**2 + 3*y - 4. Let c be 15 - ((-78)/117 - 58/(-6)). Give o(c).
-22
Let m(i) = 59*i - 158. Let g be m(4). Let q(l) = 7 + g*l - 143*l + 73*l. What is q(3)?
31
Let i(x) = -x - 5. Let u be i(-8). Suppose 6*w = u + 45. Suppose w*p - 43 = -11. Let n(z) = -2*z + 2. Give n(p).
-6
Let m(z) be the second derivative of z**3/3 - 12*z**2 - 2*z - 150. What is m(11)?
-2
Let r = 16 - 22. Let f(y) be the third derivative of y**4/12 + 4*y**3/3 + 15*y**2 - 847. Give f(r).
-4
Suppose -62 = 65*v - 322. Let t(x) = x + 5. Give t(v).
9
Let q(v) = 5*v - 4*v + 0 - 12. Let m = -28540 - -28540. What is q(m)?
-12
Let r(f) = f**3 + 117*f**2 + f + 5. Let v be r(0). Let p(q) = 2*q**3 - 15*q**2 + 25*q + 7. Determine p(v).
7
Let v(b) = 2*b**3 - b**2 - 6*b + 1. Let i(z) = 20*z**3 - 6*z**2 - 36*z + 5. Let l(u) = i(u) - 6*v(u). What is l(1)?
7
Let n(j) = -j**2 - 7*j - 3*j - 13 + 4. Let c = 519 - 515. Suppose 14*r + c = -108. Give n(r).
7
Let c(o) = -1. Let x(b) be the third derivative of -13*b**5/60 + b**4/12 - 2*b**3/3 - 48*b**2. Let t(n) = 3*c(n) - x(n). What is t(1)?
12
Let i(t) = -53*t**3 - 29*t**2 + 13. Let w(h) = 18*h**3 + 11*h**2 - 5. Let g(m) = 3*i(m) + 8*w(m). Let l(z) = -z**2 + 14*z + 16. Let k be l(15